le of 14?
True
Is 21154 a multiple of 7?
True
Is 16 a factor of 1622?
False
Is 6 a factor of 810?
True
Does 4 divide 8100?
True
Is 360 a multiple of 12?
True
Does 13 divide 182?
True
Does 7 divide 2268?
True
Does 71 divide 26064?
False
Does 11 divide 826?
False
Is 42 a factor of 70980?
True
Is 616 a multiple of 15?
False
Does 25 divide 12850?
True
Is 21 a factor of 1029?
True
Is 1276 a multiple of 58?
True
Is 6 a factor of 242?
False
Does 31 divide 2759?
True
Does 11 divide 9848?
False
Is 73 a factor of 1898?
True
Is 13 a factor of 923?
True
Is 362 a multiple of 11?
False
Is 4 a factor of 533?
False
Is 8 a factor of 2464?
True
Is 54 a multiple of 5?
False
Is 124 a factor of 124?
True
Is 63 a factor of 2875?
False
Is 2085 a multiple of 22?
False
Does 10 divide 598?
False
Does 49 divide 588?
True
Is 16 a factor of 1189?
False
Is 860 a multiple of 43?
True
Is 5 a factor of 171?
False
Is 370 a multiple of 5?
True
Does 4 divide 424?
True
Is 7319 a multiple of 6?
False
Is 120 a multiple of 2?
True
Is 10 a factor of 1097?
False
Does 11 divide 7546?
True
Does 16 divide 1792?
True
Is 41 a factor of 85?
False
Is 29883 a multiple of 26?
False
Is 1647 a multiple of 3?
True
Is 8723 a multiple of 43?
False
Does 11 divide 23529?
True
Is 33611 a multiple of 118?
False
Is 14 a factor of 278?
False
Does 10 divide 509?
False
Is 106 a factor of 34439?
False
Does 51 divide 29529?
True
Is 14 a factor of 1566?
False
Does 19 divide 61199?
True
Is 122 a multiple of 3?
False
Does 63 divide 99193?
False
Is 23 a multiple of 14?
False
Is 960 a multiple of 72?
False
Is 1335 a multiple of 8?
False
Does 9 divide 193?
False
Is 8 a factor of 19520?
True
Does 35 divide 11305?
True
Is 38 a factor of 4788?
True
Is 20 a factor of 280?
True
Does 33 divide 17589?
True
Is 75 a factor of 1275?
True
Is 135 a factor of 13795?
False
Is 4 a factor of 1379?
False
Is 21212 a multiple of 36?
False
Is 268 a multiple of 15?
False
Does 13 divide 748?
False
Is 90 a factor of 9540?
True
Is 4847 a multiple of 18?
False
Does 23 divide 398?
False
Is 87 a factor of 26899?
False
Is 31 a multiple of 4?
False
Does 110 divide 21120?
True
Is 357 a multiple of 51?
True
Does 3 divide 110?
False
Is 61947 a multiple of 7?
False
Does 13 divide 485?
False
Does 21 divide 294?
True
Is 60 a multiple of 10?
True
Does 11 divide 5643?
True
Is 18 a factor of 108?
True
Is 11 a factor of 3091?
True
Is 49 a multiple of 10?
False
Does 157 divide 12874?
True
Does 15 divide 100675?
False
Is 28 a factor of 6020?
True
Does 10 divide 380?
True
Does 129 divide 11223?
True
Is 1302 a multiple of 10?
False
Is 3246 a multiple of 16?
False
Is 15 a factor of 7049?
False
Is 46759 a multiple of 4?
False
Does 18 divide 144?
True
Is 5 a factor of 505?
True
Does 23 divide 39767?
True
Does 8 divide 624?
True
Does 15 divide 60?
True
Is 8 a factor of 696?
True
Is 24 a factor of 47166?
False
Does 71 divide 15691?
True
Is 7 a factor of 1030?
False
Is 4555 a multiple of 56?
False
Is 38 a factor of 185?
False
Is 38 a factor of 45258?
True
Is 9295 a multiple of 11?
True
Is 10212 a multiple of 276?
True
Is 20319 a multiple of 3?
True
Is 8 a factor of 11?
False
Is 10 a factor of 8961?
False
Is 25 a factor of 197450?
True
Does 16 divide 1200?
True
Is 10946 a multiple of 60?
False
Is 25 a factor of 28942?
False
Does 10 divide 7880?
True
Does 11 divide 77?
True
Is 3498 a multiple of 66?
True
Is 2164 a multiple of 13?
False
Does 12 divide 1176?
True
Does 6 divide 5071?
False
Is 59 a factor of 300?
False
Does 49 divide 7840?
True
Does 15 divide 3643?
False
Does 70 divide 140?
True
Is 4175 a multiple of 22?
False
Is 28 a factor of 980?
True
Is 7 a factor of 140?
True
Does 14 divide 21028?
True
Is 36 a factor of 4143?
False
Is 56 a multiple of 7?
True
Does 33 divide 132?
True
Is 14 a factor of 1342?
False
Is 2736 a multiple of 3?
True
Does 14 divide 868?
True
Does 189 divide 16065?
True
Does 101 divide 248?
False
Is 16 a factor of 860?
False
Does 19 divide 10454?
False
Does 7 divide 30?
False
Is 93 a factor of 4647?
False
Is 79408 a multiple of 14?
True
Is 184 a multiple of 8?
True
Is 12 a factor of 75?
False
Is 126768 a multiple of 83?
False
Is 9 a factor of 594?
True
Is 65 a factor of 7410?
True
Is 2744 a multiple of 28?
True
Is 25 a factor of 3500?
True
Is 1548 a multiple of 62?
False
Does 29 divide 135?
False
Is 129 a factor of 48762?
True
Is 50988 a multiple of 14?
True
Does 14 divide 280?
True
Does 49 divide 22246?
True
Does 40 divide 160?
True
Does 37 divide 401?
False
Is 11 a factor of 4315?
False
Does 9 divide 5281?
False
Does 29 divide 812?
True
Is 3682 a multiple of 14?
True
Does 52 divide 16840?
False
Is 25401 a multiple of 7?
False
Is 4 a factor of 177?
False
Does 45 divide 7965?
True
Is 17 a factor of 24480?
True
Is 5789 a multiple of 9?
False
Does 89 divide 356?
True
Does 61 divide 1891?
True
Does 36 divide 21841?
False
Does 2 divide 326?
True
Is 548 a multiple of 11?
False
Does 322 divide 63533?
False
Does 19 divide 2769?
False
Is 78 a factor of 11232?
True
Does 12 divide 4296?
True
Is 37290 a multiple of 30?
True
Does 66 divide 1548?
False
Is 21 a factor of 420?
True
Is 288 a factor of 43813?
False
Is 33389 a multiple of 193?
True
Is 15053 a multiple of 15?
False
Is 165 a factor of 9570?
True
Does 115 divide 3450?
True
Does 65 divide 3966?
False
Does 32 divide 33344?
True
Does 30 divide 782?
False
Is 107 a factor of 55521?
False
Does 8 divide 32995?
False
Is 7 a factor of 4391?
False
Does 30 divide 7620?
True
Is 2683 a multiple of 33?
False
Is 25109 a multiple of 12?
False
Is 22 a factor of 7546?
True
Is 49440 a multiple of 120?
True
Does 32 divide 12320?
True
Is 16 a factor of 176?
True
Is 28080 a multiple of 10?
True
Is 8 a factor of 1515?
False
Does 61 divide 671?
True
Does 10 divide 786?
False
Is 122 a factor of 3494?
False
Is 25 a factor of 914?
False
Is 94 a factor of 10904?
True
Is 12 a factor of 290?
False
Does 284 divide 9817?
False
Does 41 divide 16165?
False
Does 18 divide 3079?
False
Does 15 divide 195?
True
Is 35117 a multiple of 10?
False
Is 38199 a multiple of 119?
True
Does 79 divide 6936?
False
Is 1475 a multiple of 93?
False
Does 7 divide 424?
False
Is 16 a factor of 785?
False
Is 7 a factor of 1365?
True
Is 12418 a multiple of 30?
False
Is 45 a multiple of 15?
True
Is 31 a factor of 18941?
True
Is 17 a factor of 3053?
False
Is 14 a factor of 4494?
True
Does 5 divide 4290?
True
Is 9636 a multiple of 3?
True
Is 158 a multiple of 25?
False
Is 4254 a multiple of 12?
False
Is 11232 a multiple of 108?
True
Is 15 a factor of 12330?
True
Does 30 divide 360?
True
Is 14 a factor of 679?
False
Is 1228 a multiple of 9?
False
Is 47 a factor of 73555?
True
Is 11 a factor of 24728?
True
Does 101 divide 101?
True
Is 9 a factor of 756?
True
Does 32 divide 6180?
False
Does 9 divide 706?
False
Does 13 divide 24193?
True
Does 5 divide 15727?
False
Is 32 a factor of 871?
False
Is 140 a factor of 2520?
True
Is 6120 a multiple of 2?
True
Is 1683 even?
False
Is 66 a factor of 5148?
True
Is 74980 a multiple of 20?
True
Is 1683 a multiple of 17?
True
Does 48 divide 2311?
False
Is 10 a factor of 53070?
True
Is 55 a factor of 1870?
True
Does 3 divide 4759?
False
Is 561 a multiple of 17?
True
Does 175 divide 11931?
False
Does 156 divide 4212?
True
Is 28 a factor of 3276?
True
Is 9592 a multiple of 23?
False
Is 360 a factor of 156918?
False
Is 9 a factor of 765?
True
Is 11387 a multiple of 59?
True
Is 180 a multiple of 3?
True
Is 1269 a multiple of 52?
False
Is 23 a factor of 50623?
True
Does 23 divide 4784?
True
Is 27 a factor of 979?
False
Does 24 divide 902?
False
Is 33 a factor of 897?
False
Does 10 divide 50?
True
Is 1404 a multiple of 52?
True
Is 9632 a multiple of 36?
False
Is 5992 a multiple of 13?
False
Is 369 a multiple of 9?
True
Is 525 a multiple of 23?
False
Is 10145 a multiple of 5?
True
Is 3162 a multiple of 31?
True
Does 43 divide 29455?
True
Does 15 divide 7800?
True
Is 131193 a multiple of 8?
False
Is 11 a factor of 16038?
True
Is 47 a factor of 339?
False
Does 97 divide 28227?
True
Is 6 a factor of 3318?
True
Is 13 a factor of 564?
False
Is 79 a factor of 9322?
True
Does 6 divide 691?
False
Is 45 a factor of 11207?
False
Is 1224 a multiple of 9?
True
Is 161 a multiple of 2?
False
Is 33 a factor of 166?
False
Is 630 a multiple